at is a193 + -1?
a192
In base 2, what is -10111 + 1110?
-1001
In base 7, what is -1 - 22?
-23
In base 7, what is -13 + -1654?
-2000
In base 5, what is -3040 + -12?
-3102
In base 4, what is 0 + -203?
-203
In base 13, what is -6b - -177?
109
In base 7, what is 106 - -46?
155
In base 2, what is -10 + -111?
-1001
In base 15, what is 59a - 4?
596
In base 9, what is 3 + 244?
247
In base 12, what is 6 + -1781?
-1777
In base 10, what is -249 + -2?
-251
In base 15, what is 4ac + 2?
4ae
In base 16, what is -1 - -103?
102
In base 7, what is 5 + 10342?
10350
In base 9, what is -1 + 83?
82
In base 3, what is -2 - 222?
-1001
In base 4, what is 3 - 12?
-3
In base 2, what is 1111110000100 - 11?
1111110000001
In base 5, what is 2222 - -1?
2223
In base 12, what is 18 + -20?
-4
In base 6, what is 11444 + 3?
11451
In base 3, what is 11 - -10112?
10200
In base 9, what is -60 - -35?
-24
In base 5, what is -4 - -3?
-1
In base 5, what is 2 + 4020?
4022
In base 2, what is -1000111101 + 11?
-1000111010
In base 6, what is -41 + -114?
-155
In base 7, what is 0 - -204?
204
In base 10, what is 299 + -4?
295
In base 10, what is 869 - 4?
865
In base 10, what is 100 - 2?
98
In base 13, what is -221 + -11?
-232
In base 16, what is f6 + -4?
f2
In base 7, what is 1066 - 14?
1052
In base 5, what is -401 + 3?
-343
In base 14, what is 18 + 3?
1b
In base 11, what is a50 + 4?
a54
In base 13, what is 0 + -114?
-114
In base 8, what is -272 + -4?
-276
In base 8, what is -2 + -6?
-10
In base 9, what is 2034 + -6?
2027
In base 7, what is -110322 + 2?
-110320
In base 14, what is -a7 - -3?
-a4
In base 8, what is 0 + -123?
-123
In base 8, what is -2 - 137?
-141
In base 7, what is 623 + -4?
616
In base 4, what is 3031 + -120?
2311
In base 14, what is 4 - 2a?
-26
In base 2, what is -100001101 - -100?
-100001001
In base 4, what is -1031012 + -2?
-1031020
In base 3, what is -12 + -11020?
-11102
In base 12, what is -5 + -3552?
-3557
In base 4, what is -22121 - 10?
-22131
In base 5, what is 22244 - 1?
22243
In base 2, what is 100111 - 100?
100011
In base 15, what is -145 - -4?
-141
In base 2, what is 101 + 1011001010?
1011001111
In base 10, what is 5 + -11?
-6
In base 16, what is -54 - 16?
-6a
In base 8, what is -3 - -1140?
1135
In base 6, what is 23 + 50?
113
In base 12, what is 0 - -4b?
4b
In base 2, what is 1101001 - -1010?
1110011
In base 8, what is -41 + 0?
-41
In base 2, what is 11110101 - 1011?
11101010
In base 13, what is 1 - 660?
-65c
In base 3, what is 120 + -1200?
-1010
In base 11, what is 415 + 2?
417
In base 11, what is 55 - 4?
51
In base 15, what is -e2 + 0?
-e2
In base 10, what is -4 - 224?
-228
In base 7, what is 6066 - -4?
6103
In base 4, what is 0 + 321?
321
In base 16, what is -f + -127?
-136
In base 8, what is -1 + 4107?
4106
In base 9, what is 2 - -175?
177
In base 2, what is -10010 - -110001?
11111
In base 9, what is 53 + -7?
45
In base 14, what is 13 + 2?
15
In base 13, what is -201 + 5?
-1c9
In base 16, what is 7 - -c7?
ce
In base 11, what is 10 + 23?
33
In base 4, what is -2 - -1311?
1303
In base 13, what is -a1 + -1b?
-bc
In base 16, what is -8 - -20?
18
In base 8, what is 14 + -4?
10
In base 2, what is -10 - 11110?
-100000
In base 9, what is 0 - -220?
220
In base 10, what is -4 - -11?
7
In base 5, what is -4 + -11?
-20
In base 5, what is -211 + 0?
-211
In base 8, what is -7 - 47?
-56
In base 4, what is 10 - -2123?
2133
In base 12, what is 5 + -674?
-66b
In base 2, what is 100011010 - -101?
100011111
In base 14, what is -4 + 1b0a?
1b06
In base 13, what is -7 + -62?
-69
In base 16, what is -2861 + 2?
-285f
In base 10, what is -40 - 8?
-48
In base 14, what is -50b + 5?
-506
In base 13, what is -a80 - -4?
-a79
In base 6, what is -14 + 0?
-14
In base 10, what is -26 + 68?
42
In base 15, what is -573 - -1?
-572
In base 4, what is 12 - 113?
-101
In base 10, what is -422 - -7?
-415
In base 8, what is -4 + 125?
121
In base 11, what is -577 + 1?
-576
In base 6, what is 1 + 5?
10
In base 14, what is -1cd - 34?
-223
In base 11, what is 1278 + 0?
1278
In base 14, what is -797 + -4?
-79b
In base 9, what is 82 + -102?
-10
In base 14, what is 28 - 6d?
-45
In base 10, what is 16 + 86?
102
In base 16, what is 2c2 + -3?
2bf
In base 11, what is -3 - -81?
79
In base 6, what is 220 + 42?
302
In base 5, what is 201 - -34?
240
In base 15, what is -3 - -52?
4e
In base 2, what is 10 - -110011?
110101
In base 9, what is 340 + 8?
348
In base 9, what is -53 + -15?
-68
In base 11, what is -6348 - -4?
-6344
In base 16, what is -4a - -14?
-36
In base 10, what is 24 + 45?
69
In base 2, what is -100 + 100001111100?
100001111000
In base 16, what is 25 - -2b?
50
In base 5, what is -202 + 1102?
400
In base 7, what is -1360 + -4?
-1364
In base 8, what is 1720 + 3?
1723
In base 11, what is 15a6 - 2?
15a4
In base 4, what is 11 + -31021?
-31010
In base 3, what is -11 + -101012?
-101100
In base 4, what is -1023 - -11?
-1012
In base 5, what is 0 + 12130?
12130
In base 15, what is 3 + d75?
d78
In base 14, what is -180 - 4?
-184
In base 6, what is 0 + -14432?
-14432
In base 12, what is -6 - -45?
3b
In base 15, what is 4 - -e?
13
In base 2, what is 1 + -1111100?
-1111011
In base 10, what is 16 + -227?
-211
In base 4, what is 3 - -12133?
12202
In base 3, what is -1102101 + 2?
-1102022
In base 6, what is 1 - -115?
120
In base 6, what is 41 + 0?
41
In base 10, what is 3 + 145?
148
In base 5, what is -122303 + -1?
-122304
In base 12, what is 41 - -11?
52
In base 13, what is -9 + -6?
-12
In base 5, what is -42 - 12314?
-12411
In base 12, what is 3567 - 1?
3566
In base 10, what is 3 - 55?
-52
In base 9, what is -1 + -3552?
-3553
In base 16, what is -714 + -1?
-715
In base 3, what is -2 + 12022202?
12022200
In base 12, what is a8 - 5?
a3
In base 9, what is -632 + -5?
-637
In base 14, what is -92 + 5?
-8b
In base 15, what is 2 + 10c7?
10c9
In base 2, what is -100011 - -11100?
-111
In base 6, what is 3305 + -2?
3303
In base 4, what is -121 + -21?
-202
In base 16, what is 3 + 88?
8b
In base 14, what is -2 + -35?
-37
In base 11, what is 19 + -604?
-596
In base 4, what is -230 - -222?
-2
In base 6, what is -450 + -4?
-454
In base 15, what is 4 + -8d?
-89
In base 7, what is 5 - -264?
302
In base 2, what is 110100010 + 1?
110100011
In base 6, what is -5 - -523?
514
In base 2, what is 111 + 11110?
100101
In base 10, what is 5 - -208?
213
In base 8, what is 2 + 4100?
4102
In base 16, what is -32 + 4b?
19
In base 14, what is 3 + -498?
-495
In base 13, what is 6 - -41c?
425
In base 16, what is 17 + 17?
2e
In base 6, what is -35240 + 1?
-35235
In base 10, what is -124 + -1?
-125
In base 6, what is 2 + -1344?
-1342
In base 14, what is -5 + 8c?
87
In base 16, what is -f3 - 4?
-f7
In base 9, what is -8 - -2?
-6
In base 6, what is -1 + 222?
221
In base 15, what is 1b + -5?
16
In base 10, what is 18 + -55?
-37
In base 16, what is -1b5 - 21?
-1d6
In base 7, what is 35 - 145?
-110
In base 9, what is -856 - -2?
-854
In base 9, what is 33 + -54?
-21
In base 16, what is -8 - 14?
-1c
In base 9, what is 18 + 2?
21
In base 3, what is 221202 - -1000?
222202
In base 9, what is -108 - 2?
-111
In base 9, what is -43 - 23?
-66
In base 3, what is 0 - 202221?
-202221
In base 3, what is 122220 - 1?
122212
In base 14, what is -22 - -6b?
49
In base 11, what is -1 - -41?
40
In base 10, what is 34 - -120?
154
In base 5, what is -1 + 4413?
4412
In base 11, what is 1 + 78a?
790
In base 5, what is -1020 - 10?
-1030
In base 11, what is 65 + 6?
70
In base 8, what is -30 + -142?
-172
In base 11, what is a + -142?
-133
In base 6, what is 5 - -14022?
14031
In base 12, what is 92 + 6?
98
In base 4, what is 10 - -112023?
112033
In base 14, what is 26 - 2?
24
In base 2, what is 11011110111 + -10?
11011110101
In base 3, what is -2 + 2212221?
2212212
In base 2, what is 110011100111 + 1?
110011101000
In base 3, what is 1221122 + -2?
1221120
In base 8, what is -2 - 720?
-722
In base 5, what is -11232 - 20?
-11302
In base 12, what is -63 + 1?
-62
In base 6, what is 2011 - -12?
2023
In base 3, what is 21 + -1122?
-1101
In base 8, what is 774 - 14?
760
In base 14, what is -77 + -4?
-7b
In base 3, what is 12 - 212?
-200
In base 16, what is -66a - 6?
-670
In base 8, what is -22 + -204?
-226
In base 4, what is -2301 + 3?
-2232
In base 7, what is -12 - -3406?
3364
In base 11,